 of v and o.
10
Let o = 48 - -7. Calculate the highest common divisor of 33 and o.
11
Let u(z) = 2*z + 11. Let m be u(5). Calculate the greatest common divisor of 231 and m.
21
Let g = -113 + 212. Calculate the greatest common divisor of 9 and g.
9
Suppose -3*i = 2*i - 2*k - 123, -i + 27 = -k. What is the highest common divisor of i and 138?
23
Suppose 3*m = 73 - 256. Let a = -42 - m. Suppose x = 3*x + 4*h - 22, -2*x - 3*h = -26. What is the highest common divisor of a and x?
19
Suppose 4*s - 3*q - 63 = -0*s, 2*s - q = 29. Let l be s + 3 + -2 + 3. What is the greatest common divisor of l and 176?
16
Let a be 9/12*(0 - -24). Calculate the greatest common factor of 12 and a.
6
Let r(s) = 6*s - 2. Let g(t) be the third derivative of t**4/8 - t**3/2 - 4*t**2. Let j be g(2). Let f be r(j). What is the highest common divisor of 64 and f?
16
Let q(b) = -b**2 - 18*b - 24. Let l be q(-6). What is the highest common divisor of l and 144?
48
Suppose 0*u = 2*u - 240. Let d = 29 + -14. What is the highest common divisor of d and u?
15
Let b = 1 - -2. Suppose 0*k = 2*k. Suppose -r + k*c + 29 = 4*c, 3*r = -4*c + 47. Calculate the highest common divisor of b and r.
3
Let n = 7 - 6. Let s be n + (-2 - -2 - 1). Suppose s*q = -4*q + 460. What is the greatest common factor of 23 and q?
23
Suppose -5*n + 4 = -21. Suppose n*x - 2*x - 18 = 0. What is the greatest common factor of 30 and x?
6
Suppose -4*g + 8*g - 100 = 0. Let s = -26 - -36. Calculate the highest common divisor of g and s.
5
Suppose 2*f = -3*f - 10, 3*k + 5*f + 1 = 0. Suppose k*i + 4*z - 126 = 0, -i + 42 = -0*i - z. Calculate the greatest common divisor of 105 and i.
21
Suppose 4*h - 2*h = 416. What is the highest common divisor of h and 26?
26
Let j = 4 - 18. Let n = -10 - j. Let r(i) = 2*i**2 - 2*i - 2. Let p be r(3). What is the greatest common divisor of n and p?
2
Suppose 1 = v + 3*q - 10, 4*v - 4*q = 124. Suppose n = 16 - 3. Calculate the highest common divisor of n and v.
13
Suppose h = x + 2, -15 + 5 = -5*x. Suppose 0*z - 25 = -5*z + h*g, -z - 16 = -5*g. What is the highest common divisor of z and 9?
9
Let t = 17 - 10. What is the highest common factor of 1 and t?
1
Let f be (-8)/(-32) - (-19)/4. Let o = f + 1. What is the highest common factor of 54 and o?
6
Suppose -2*o - 2 = -3*o. Let b be -4 - (3 - (o + 145)). What is the greatest common divisor of b and 56?
28
Suppose 0*r + 14 = r. What is the greatest common divisor of r and 14?
14
Suppose -l = -u + 22, 2*u = u + 3*l + 30. Calculate the greatest common divisor of u and 18.
18
Suppose 8*b = 10*b - 48. What is the greatest common divisor of 264 and b?
24
Let k be ((-62)/4)/(7/14). Let h = 52 + k. What is the greatest common factor of h and 231?
21
Let j = 0 + 0. Suppose j = h - 3*r - 147, -1 + 6 = r. Let o = -40 + 58. What is the greatest common divisor of h and o?
18
Suppose -51 = -a - t, 5*a + 4*t - 309 = -49. Suppose h = 4*h - 42. What is the highest common divisor of a and h?
14
Let i be 128/9 - (-6)/(-27). Let s(p) = p - 4*p + 3 + 2*p. Let r be s(-4). Calculate the highest common factor of r and i.
7
Let w be 41*2 + 0 + 0. What is the highest common divisor of w and 123?
41
Let j(z) = z**2 - 2*z. Let d be j(3). Suppose 2*k + 90 = d*k. Suppose 0 = o - 4*x - 45, 3*x + k = 2*o - 2*x. What is the greatest common divisor of 9 and o?
9
Let a = 124 + -25. What is the greatest common divisor of 9 and a?
9
Let w = 19 - 7. Calculate the greatest common divisor of 4 and w.
4
Let s(w) = 2*w. Let j be s(-3). Let g be (-4)/j - (-64)/3. Let c = 38 - -17. Calculate the greatest common factor of c and g.
11
Let r(d) = -7*d**3 - 2*d**2 + d. Let b be r(-2). What is the highest common factor of b and 23?
23
Suppose -y = -2*z + 153, 0 = -4*z - 0*y + 3*y + 303. Calculate the greatest common factor of z and 12.
6
Let q be -12*(-1)/((-2)/(-7)). Calculate the greatest common divisor of 14 and q.
14
Let p(g) = 2*g + 3 + 13*g**2 - 2*g**2 - 4*g + 13*g**2. Let x be p(2). What is the greatest common factor of x and 19?
19
Suppose 4*i + 2*p - 935 = -i, 4*i - 720 = 4*p. Let y = 262 - i. Suppose b + 7 = 2*b. What is the greatest common factor of b and y?
7
Let w be -9*((-20)/(-6) - -1). Let u be -1*(0 - 1) - w. Suppose -3*o = 3, -5*s = -5*o + 3*o - 27. What is the greatest common factor of u and s?
5
Let p = 2 - 1. Suppose n = 5*m - 44, m - 3*n - 5 = p. Suppose 3*o - m = 3*a, 3*o + 3 - 18 = -3*a. What is the highest common divisor of a and 1?
1
Let m be ((-32)/(-12))/(1/18). What is the highest common divisor of m and 32?
16
Let m be (-18)/4 - (-5)/(-10). Let x(l) = -6*l - 6. Let j be x(m). Suppose 4*u = 3*g + 49 + 9, 26 = u + 5*g. Calculate the highest common divisor of u and j.
8
Let c = 8 + 16. Calculate the greatest common divisor of c and 60.
12
Let g = 98 - 84. Calculate the highest common divisor of 154 and g.
14
Suppose 4*l - m - 4 = -5*m, -2*l - 4*m = 6. Let f be 2/3*(-3)/(-2). What is the greatest common factor of f and l?
1
Let p(l) = -l**2 + 8*l + 1. Let j be p(7). Let w = j - -20. What is the highest common factor of 4 and w?
4
Let h = -410 - -218. Let b = -94 - h. Calculate the highest common divisor of b and 14.
14
Let f = 3 + 1. Let n be (3 - f)*1*-13. What is the greatest common divisor of n and 13?
13
Let k be (-1)/3 + (-242)/(-6). Suppose -2*j + 7*j = k. Let v = 198 - 110. What is the greatest common divisor of v and j?
8
Suppose -2*z - z = -3*t - 498, 4*t - 141 = -z. Suppose -5*p + 169 = -z. Calculate the greatest common factor of 6 and p.
6
Suppose 180 = 28*a - 16*a. What is the greatest common factor of 15 and a?
15
Let b(m) = m**2 + 11*m + 27. Let i be b(-11). What is the highest common divisor of i and 3?
3
Suppose 3*w - 9 = 0, -d - w + 7 = d. Calculate the greatest common divisor of d and 5.
1
Let s(k) = -5*k + 5. Suppose -3*b - 5 = -5*n, 0*n = -b + n - 3. Let c be s(b). Calculate the highest common divisor of c and 15.
15
Let k(t) = -t**2 + 8*t + 10. Let i be k(8). Let c be (0 + (-1)/(-3))*6. What is the greatest common factor of c and i?
2
Suppose 35 = 7*b - 35. Calculate the greatest common divisor of 20 and b.
10
Let q(x) = x**2 + 8*x - 14. Let k be q(-11). Calculate the greatest common divisor of 57 and k.
19
Suppose -3*b = -3*l - 0*b + 819, 2*l = -b + 546. What is the greatest common factor of 21 and l?
21
Let t(h) = -h**3 - 4*h**2 + 7*h - 8. Let w be t(-7). Let u be 136/14 - 4/(-14). What is the highest common divisor of w and u?
10
Suppose -u = -2*p + 2*u + 25, -p + 2*u = -13. Let o(v) = v**3 - 12*v**2 + 15*v + 6. Let i be o(p). Calculate the highest common divisor of 10 and i.
10
Suppose -27 + 117 = 6*y. What is the highest common divisor of y and 60?
15
Suppose 0 = 3*f + 140 - 14. Let l = 60 + f. Let g(s) = 6*s + 54. Let t be g(0). What is the greatest common factor of t and l?
18
Let j = 66 + -14. What is the highest common factor of 13 and j?
13
Suppose 4*v - 32 = 2*v. Suppose 0 = z - 4 - 0. What is the greatest common factor of v and z?
4
Let y = -30 + 56. What is the highest common divisor of 52 and y?
26
Suppose -30 + 6 = -4*w. Let u(g) = 10*g + 1. Let y be u(1). Let i = y - w. Calculate the highest common factor of 5 and i.
5
Let y be 44/28 - (-6)/14. What is the greatest common factor of 2 and y?
2
Let f = -8 + 14. Suppose -5*t + 5*n + 27 = 3*n, -t + 5*n = 13. Let m(k) = 5*k - 5. Let z be m(t). What is the greatest common factor of f and z?
6
Let x(u) = 3*u**2 - u. Let n be x(1). Suppose 2*s = 3*t + 3*s - 8, 11 = t + n*s. Let p be (t - 0) + 8 + 1. Calculate the highest common divisor of p and 110.
10
Suppose -169 = -13*s - 52. Calculate the greatest common divisor of 9 and s.
9
Let g(u) = -u - 6. Let b(r) = 2*r + 11. Let i(t) = 6*b(t) + 11*g(t). Let s be i(5). What is the greatest common divisor of s and 25?
5
Let c be 11/2 + 3/6. Suppose 0*v = 3*v - 18. Suppose d = v + 24. What is the highest common factor of c and d?
6
Let l(v) = 2*v - 8. Let n(k) = -k + 7. Let a(o) = 6*l(o) + 5*n(o). Let g be a(10). Let w be g - 6/(-3 + 5). What is the highest common divisor of w and 6?
6
Suppose 5*k - 4 = -24. Let g be k/3*6/(-4). Suppose -g*h + 0*h + 52 = 0. What is the highest common divisor of h and 65?
13
Let c(b) = -11*b + 14. Let y be c(0). What is the highest common factor of y and 4?
2
Suppose -4*w - 5 + 21 = 0. Let o(q) = q*